hen 19573 is divided by 4390?
2013
Calculate the remainder when 975397 is divided by 243835.
57
What is the remainder when 17728397 is divided by 107?
102
What is the remainder when 105200 is divided by 1910?
150
Calculate the remainder when 171628049 is divided by 82.
81
Calculate the remainder when 88830 is divided by 88582.
248
What is the remainder when 1242725 is divided by 3031?
15
Calculate the remainder when 984834 is divided by 155.
119
Calculate the remainder when 281087 is divided by 63.
44
What is the remainder when 481036 is divided by 1266?
1222
Calculate the remainder when 277063102 is divided by 4128.
4126
What is the remainder when 1262359 is divided by 151?
150
Calculate the remainder when 7319127 is divided by 1219833.
129
What is the remainder when 413174724 is divided by 59024960?
4
Calculate the remainder when 104908 is divided by 104160.
748
Calculate the remainder when 159918 is divided by 11828.
6154
What is the remainder when 21514496 is divided by 60?
56
What is the remainder when 1040976 is divided by 31?
27
Calculate the remainder when 127394859 is divided by 9931.
9922
Calculate the remainder when 819235 is divided by 279.
91
Calculate the remainder when 9363689 is divided by 23.
21
Calculate the remainder when 417389164 is divided by 2229.
2227
Calculate the remainder when 1101760 is divided by 31473.
205
What is the remainder when 32736052 is divided by 10912002?
46
What is the remainder when 105181 is divided by 5667?
3175
Calculate the remainder when 248028 is divided by 1579.
125
Calculate the remainder when 3052838 is divided by 1526411.
16
What is the remainder when 236714 is divided by 1462?
1332
Calculate the remainder when 431560 is divided by 1371.
1066
What is the remainder when 35969 is divided by 584?
345
Calculate the remainder when 158984 is divided by 13246.
32
Calculate the remainder when 15304135 is divided by 7652063.
9
What is the remainder when 803043 is divided by 401521?
1
What is the remainder when 835225 is divided by 20371?
14
Calculate the remainder when 3387536 is divided by 303.
299
What is the remainder when 6910247 is divided by 4034?
5
What is the remainder when 8107159 is divided by 168899?
7
What is the remainder when 61205764 is divided by 2989?
11
What is the remainder when 383090 is divided by 191502?
86
What is the remainder when 199335528 is divided by 998?
996
What is the remainder when 4834490 is divided by 366?
362
What is the remainder when 9464563 is divided by 40?
3
What is the remainder when 134711 is divided by 67340?
31
Calculate the remainder when 82240 is divided by 46.
38
What is the remainder when 48528562 is divided by 9?
4
What is the remainder when 21886 is divided by 3094?
228
Calculate the remainder when 7444 is divided by 3007.
1430
What is the remainder when 114860 is divided by 1726?
944
What is the remainder when 10444 is divided by 721?
350
What is the remainder when 4327 is divided by 3900?
427
What is the remainder when 573338 is divided by 216?
74
What is the remainder when 3601560 is divided by 198?
138
What is the remainder when 3051723 is divided by 82433?
1702
What is the remainder when 52481677 is divided by 11629?
0
What is the remainder when 10462632 is divided by 57?
54
What is the remainder when 388730 is divided by 2923?
2894
What is the remainder when 230774953 is divided by 53?
21
What is the remainder when 18476740 is divided by 5905?
5900
What is the remainder when 136858196 is divided by 15?
11
Calculate the remainder when 2838670 is divided by 51612.
10
What is the remainder when 14319655 is divided by 1256?
1255
Calculate the remainder when 93350 is divided by 8443.
477
Calculate the remainder when 173038838 is divided by 1389.
1385
What is the remainder when 40480 is divided by 6651?
574
Calculate the remainder when 318609 is divided by 31815.
459
Calculate the remainder when 147314565 is divided by 10522468.
13
Calculate the remainder when 11227837 is divided by 260.
257
What is the remainder when 22801 is divided by 120?
1
What is the remainder when 2825209 is divided by 28252?
9
Calculate the remainder when 5622478 is divided by 26151.
13
What is the remainder when 134554617 is divided by 332?
329
Calculate the remainder when 11921832 is divided by 38960.
72
Calculate the remainder when 1817932 is divided by 1817665.
267
Calculate the remainder when 272366 is divided by 67574.
2070
Calculate the remainder when 103616 is divided by 397.
396
Calculate the remainder when 245050 is divided by 122465.
120
What is the remainder when 11668016 is divided by 3889331?
23
Calculate the remainder when 284765 is divided by 94765.
470
Calculate the remainder when 263014 is divided by 551.
187
What is the remainder when 97555635 is divided by 3714?
3711
What is the remainder when 48163020 is divided by 3952?
3948
Calculate the remainder when 220390 is divided by 895.
220
Calculate the remainder when 589161 is divided by 82.
73
What is the remainder when 12368428 is divided by 338?
332
Calculate the remainder when 913276 is divided by 298.
204
Calculate the remainder when 1565964 is divided by 23725.
114
Calculate the remainder when 358699 is divided by 21.
19
What is the remainder when 1524725 is divided by 152471?
15
What is the remainder when 17871 is divided by 17864?
7
What is the remainder when 19692 is divided by 2840?
2652
Calculate the remainder when 336405 is divided by 1402.
1327
What is the remainder when 936288 is divided by 593?
534
Calculate the remainder when 47915 is divided by 1062.
125
What is the remainder when 56598 is divided by 308?
234
Calculate the remainder when 1137595 is divided by 162469.
312
What is the remainder when 147458 is divided by 47777?
4127
What is the remainder when 237169869 is divided by 72?
69
What is the remainder when 127929322 is divided by 90?
82
What is the remainder when 174094 is divided by 34746?
364
Calculate the remainder when 146269 is divided by 2482.
2313
What is the remainder when 181938 is divided by 90426?
1086
Calculate the remainder when 985874 is divided by 6613.
537
What is the remainder when 41836170 is divided by 2?
0
What is the remainder when 4756 is divided by 892?
296
What is the remainder when 57040624 is divided by 19013538?
10
What is the remainder when 6608886178 is divided by 26?
24
What is the remainder when 20674808 is divided by 6891602?
2
What is the remainder when 865092 is divided by 14657?
329
Calculate the remainder when 12819902 is divided by 32.
30
Calculate the remainder when 121608 is divided by 594.
432
Calculate the remainder when 514164837 is divided by 196.
193
Calculate the remainder when 314439 is divided by 14375.
12564
What is the remainder when 20828033 is divided by 2050?
33
What is the remainder when 6008272 is divided by 5049?
5011
Calculate the remainder when 135130 is divided by 3690.
2290
What is the remainder when 41187 is divided by 41073?
114
Calculate the remainder when 1938401 is divided by 339.
338
Calculate the remainder when 14925 is divided by 3446.
1141
Calculate the remainder when 1240766 is divided by 95442.
20
What is the remainder when 77021428 is divided by 2089?
2087
Calculate the remainder when 2011935 is divided by 10264.
191
What is the remainder when 136350 is divided by 136279?
71
What is the remainder when 5855150 is divided by 708?
698
Calculate the remainder when 180485773 is divided by 53.
50
What is the remainder when 6290591 is divided by 259?
258
Calculate the remainder when 142412 is divided by 20337.
53
Calculate the remainder when 488981 is divided by 218.
7
Calculate the remainder when 46749610 is divided by 17200.
10
Calculate the remainder when 554176 is divided by 474.
70
Calculate the remainder when 361889273 is divided by 240.
233
Calculate the remainder when 1698616 is divided by 106156.
120
What is the remainder when 2385313 is divided by 1192271?
771
Calculate the remainder when 474747 is divided by 656.
459
Calculate the remainder when 273490 is divided by 68.
62
What is the remainder when 387473 is divided by 113?
109
What is the remainder when 2907244 is divided by 70908?
16
Calculate the remainder when 455394 is divided by 418.
192
What is the remainder when 28735862 is divided by 586446?
8
What 